ist the prime factors of a.
2, 3
Let o = 152 + -308. Let x = 230 + o. List the prime factors of x.
2, 37
Suppose -120*r = -112*r - 29000. What are the prime factors of r?
5, 29
Let d be ((-4)/1)/(2/(-2)). Suppose 0 = -d*v - 8, 0*v = -3*p + v - 16. List the prime factors of (4/p)/(2/(-21)).
7
Let z(s) = s**3 - 17*s**2 + 2*s + 67. Let w be z(17). Let h = -91 + w. What are the prime factors of h?
2, 5
Let t(w) = 34*w**2 - 2*w - 2. Let u(g) = g**3 - 11*g**2 + g - 2. Let i be u(11). Suppose i - 10 = v. What are the prime factors of t(v)?
2, 17
Suppose -5*i + 2520 = -t, t + 0*t - 1008 = -2*i. What are the prime factors of i?
2, 3, 7
Let z(u) = 86*u**2 - 3*u + 2. What are the prime factors of z(1)?
5, 17
Let i(g) = g**3 + 12*g**2 + 14*g + 7. Let t be i(-9). Suppose -3*d + t = -4*n, 4*d + 13 = -4*n - 139. Let r = n + 75. List the prime factors of r.
41
Let q be (1 - 3) + (-2 - 1). Let p = 5 + q. Suppose 0 + 8 = 3*r - 4*f, -2*r + 4*f = p. What are the prime factors of r?
2
Suppose 3*c - 256 - 2000 = -4*n, 0 = 5*c. What are the prime factors of n?
2, 3, 47
Let v(q) = -3*q + 16. Let y be v(4). Suppose -2*r = 4, 2*b - r + y*r = 28. List the prime factors of b.
17
Let j = 19 + -15. Let f = 4 + j. Let s = f + 41. List the prime factors of s.
7
Suppose r = 5*i - r - 162, 0 = -i + 3*r + 35. List the prime factors of 120*((-9)/(-12))/(36/i).
2, 5
Suppose 1 = -2*p + 5. List the prime factors of p - -79 - (-4 - 0).
5, 17
Let s = 216 + 35. List the prime factors of s.
251
Suppose -29*l = -8*l - 53025. List the prime factors of l.
5, 101
Let f(y) = -2*y. Let p be f(1). List the prime factors of (-3 + -318)*p/6.
107
Suppose 19*y = 15*y + 12. Suppose -3*x + y*a + 498 = 0, -x - 3*a + 176 = -2*a. What are the prime factors of x?
3, 19
Suppose 32*b = 13189 + 40315. List the prime factors of b.
2, 11, 19
What are the prime factors of (-636)/(-5) - 10/50?
127
Suppose -c + 5 - 7 = 0. Let z(x) = -15*x + 2. List the prime factors of z(c).
2
Let x = -43 + 45. Suppose -4*g + 2*a + 68 = -x*a, 4*g - a = 59. List the prime factors of g.
2, 7
Let r be 117/(-12) + (-4)/((-32)/(-2)). List the prime factors of 5/((-100)/(-284)) - (-2)/r.
2, 7
Let t be (-44255)/(-212) - ((-6)/(-8) + 0). Suppose 3*k - 4*k + t = 0. List the prime factors of k.
2, 13
Let o = -62 + 45. Let m = o - -54. List the prime factors of m.
37
Let p = 7 - 5. Suppose -p*d = -49 - 71. What are the prime factors of d?
2, 3, 5
Suppose 12*c = 7*c - 925. Let i = -87 - c. List the prime factors of i.
2, 7
Let j = 735 - 428. List the prime factors of j.
307
Suppose c = w + 2*c - 3, -4*c + 12 = 5*w. Suppose -330*i = -329*i - 2. Suppose 5*y = i*r + y - 78, w = -r - 2*y + 23. List the prime factors of r.
31
Let m = 21 - 25. Let t(h) = -22*h - 19. Let j(y) = 7*y + 6. Let l(o) = 11*j(o) + 4*t(o). List the prime factors of l(m).
2, 17
Let y(v) be the third derivative of -v**6/120 + v**5/12 - v**4/8 + 2*v**3/3 + 8*v**2. What are the prime factors of y(3)?
13
Suppose 0 = j + 8 - 12. Suppose j*x - 380 = -x. What are the prime factors of x?
2, 19
Suppose 2*l + 80 = -4*j + 4*l, j = 2*l - 17. Let o = 31 + j. Suppose -o = -2*b - 0*b, 4*b + 25 = 5*v. What are the prime factors of v?
3
Suppose -1265 = -15*m + 4*m. Let v = m - 85. What are the prime factors of v?
2, 3, 5
Let w be 9 - (2 - (-3 + 2)). Suppose w*y = 4*y + 602. List the prime factors of y.
7, 43
Let y(w) = w**3 - 38*w**2 + 55*w - 89. List the prime factors of y(37).
577
Let x(k) = -2*k + 2. Let b be x(-3). Let u(i) = i**2 - 6*i - 5. Let w be u(b). Let z = -9 + w. List the prime factors of z.
2
Let p(i) = -i**3 - 3*i**2 - 4*i - 1. Let d be p(-2). Suppose -37 = d*g - 148. What are the prime factors of g?
37
Suppose -5*t = -3*p + 3606 - 19879, 0 = -t - 5*p + 3249. List the prime factors of t.
2, 1627
List the prime factors of 17/(-34) - 1994/(-4).
2, 3, 83
Let s be (3/6*0)/(-2). Suppose 0 = -2*n - 2*j + 6, 3*n + s*j - 5 = j. Suppose 0 = -3*l - n*l + 85. What are the prime factors of l?
17
Suppose -159 - 576 = -3*n. List the prime factors of n.
5, 7
List the prime factors of -1*(-1941)/15 + 76/(-190).
3, 43
Let m = 16 - 9. Let a(q) = 11*q + 6*q**2 - q + 0 - q**3 + 2 - 3. What are the prime factors of a(m)?
2, 5
Let n = -126 - -714. What are the prime factors of n?
2, 3, 7
Let l(k) = 2*k**2 + 14*k + 12. Let v be l(-6). Suppose 0 = 4*o - 3*z - 214 - 21, 3*o + 4*z - 145 = v. What are the prime factors of o?
5, 11
Let u(j) = -j**2 - 8*j - 9. Let g be u(-9). Let k be g/(-9*(-1)/6). Let f = 4 - k. What are the prime factors of f?
2
Let w be 19/3 - ((-55)/15 - -4). Suppose -w + 30 = 6*a. What are the prime factors of a?
2
What are the prime factors of 0/51 + -2 + 43*75?
11, 293
Suppose 3 = 3*x - 6. Let j(c) = 8*c**3 + 2*c**2 + 4*c - 8. List the prime factors of j(x).
2, 7, 17
Let p = -8 + 52. Suppose m = z + 12, 2*z + 8 = 4*m - p. List the prime factors of m.
2, 7
Let s(w) be the third derivative of 17*w**4/24 - 2*w**3/3 + 3*w**2 + 18. What are the prime factors of s(9)?
149
Let g(k) = 59*k**2 + 2. Let z be g(2). Let y = z + -154. What are the prime factors of y?
2, 3, 7
What are the prime factors of -3 + (-5766)/(-11) - 2/11?
521
Suppose -3*k - 3*y - 24 = 0, 0*k - 3*k = 2*y + 21. What are the prime factors of 108/30*k/(-2)?
3
What are the prime factors of (9 - (6 - 546)) + -9?
2, 3, 5
Let p be (273 - (2 - 3)) + 1. Suppose 0 = 3*c - p - 64. List the prime factors of c.
113
Let o(f) = f**2 - 15*f + 34. Let b be o(12). Suppose 4*h + 2*d = 78, -2*h - 42 = -4*h - 4*d. Let q = h + b. What are the prime factors of q?
17
Suppose 2057 = 2*t + 819. What are the prime factors of t?
619
Suppose 89*x = 88*x + 4. Suppose 339 = 5*w + 3*q, 0 = w + w - x*q - 146. List the prime factors of w.
3, 23
Suppose 5*k + 45 = 4*j, -4*j + k + 40 = -3*k. Suppose 292 = 3*r - w + 15, j*r + 2*w = 458. What are the prime factors of r?
2, 23
What are the prime factors of (-1126)/((-7)/(28/4))?
2, 563
Suppose 3*x + x + 22 = 2*u, -2*u - 18 = 4*x. Let l be 2/u - (-3)/(-1). Let f = l - -5. List the prime factors of f.
2
Let q(v) = v**3 - 8*v**2 - 4. Let c be q(8). Let g be ((-14)/c)/((-2)/(-28)). Suppose -4*r + 5*n = -g - 39, -3*r = 3*n - 93. What are the prime factors of r?
3
Let v = -2758 - -4612. List the prime factors of v.
2, 3, 103
Let u be -1*(-3)/(0 + 1). Suppose 0 = -2*h, -2*w = u*w + 5*h - 20. Suppose w*p + 23 = f - 0*f, -2*p = 3*f - 13. List the prime factors of f.
7
Suppose 0 = -5*p + 2*w + 35 + 291, -5*w = 2*p - 113. Let a(r) = -11*r + 5. Let t be a(4). Let z = t + p. What are the prime factors of z?
5
Let k(d) = -d**3 - 13*d**2 + 14*d + 28. Let x be k(-15). Suppose -3*s - s = -4*t + x, -2*s + 8 = 0. What are the prime factors of t?
71
Let o be (5 + -1 - (-672)/14) + -2. Let f(b) = -9*b**3 + b**2 - 2*b + 1. Let w be f(1). Let v = o + w. What are the prime factors of v?
41
Let g = 109 - 97. Suppose g*v + 1764 = 18*v. What are the prime factors of v?
2, 3, 7
Suppose 8*y - 6 = 11*y. Let z be (y - -9) + -15 + 11. Suppose -2*t - p + 136 = -0*p, p = z*t - 209. List the prime factors of t.
3, 23
Let p(f) = -2 + 2 + 6 + 50*f - 1. What are the prime factors of p(1)?
5, 11
Suppose 405 = 3*k - 405. List the prime factors of k.
2, 3, 5
Suppose 3*h - 23 = -2*h + 3*t, -4*h = -4*t - 20. Let y be -3 - (-6 + -1 + h). Suppose y*k - 3*k + 69 = 0. What are the prime factors of k?
23
Suppose 12 = -4*p + 5*w, -2*p - 2*w + 12 = -0*p. Suppose 3*f + 465 = p*k + 2*f, 0 = -4*k - 3*f + 905. What are the prime factors of k?
2, 5, 23
Let u be (-7062)/(-30) - (-4)/(-10). Suppose -2*b + 7*b - 141 = -3*l, 5*l - u = 2*b. What are the prime factors of l?
47
Let t = -208 + 377. Suppose -3*b + v + 168 = -2*v, 0 = 3*b - 2*v - t. List the prime factors of b.
3, 19
Let h(k) = 4*k**3 - k**2 + 2*k - 1. Let n be h(2). Let w(c) = -4*c + 41. Let x be w(7). Suppose n = s - x. What are the prime factors of s?
2, 11
Suppose 0*y - y = -42. Let d = y + 14. What are the prime factors of d?
2, 7
Suppose 4*x + 10 = 2*x + 2*r, 4*x + 4*r + 60 = 0. What are the prime factors of 2983/15 + x/(-75)?
199
Let l be 7/((-21)/(-2))*-90. Let j(p) = 2*p**3 + 5*p**2 - 2*p - 2. Let d be j(3). Let v = l + d. List the prime factors of v.
31
Let w = -8 - -13. Suppose 0 = b - w. Suppose 4*l - b = 51. List the prime factors of l.
2, 7
Let x(t) = -4*t - 3. Let w = -19 - -18. L